et l = 6016 - 5979. Calculate the greatest common factor of l and 4.
1
Suppose -3*u - 336 = 5*o, 0*o = -5*u - o - 560. Let w = u - -117. Let k = -2 + 7. Calculate the greatest common divisor of k and w.
5
Suppose -5*o + q = 9, 2*o = -2*q + 3 + 3. Let r be (-30)/(-12)*(1 - (6 + o)). Let d = r + 47. Calculate the highest common factor of 37 and d.
37
Let n(b) be the second derivative of 10*b**4/3 + 4*b**3/3 - 12*b**2 - 91*b. Let d be n(3). Calculate the greatest common divisor of d and 15.
15
Suppose 4*a - 3*w + 368 = 0, -3*a - 415 = -w - 134. Let i = a + 97. Calculate the highest common factor of i and 2.
2
Let v = -400 - -405. Suppose 0 = -4*q + 2*p + 904, v*q - 2*q - 660 = -3*p. What is the greatest common divisor of 140 and q?
28
Suppose -2*i + 4*i = -n + 81, 4*n = -3*i + 309. Suppose 14*w - 3 = 109. Suppose w*g - 193 = 207. Calculate the greatest common divisor of n and g.
25
Let z = 362 + -327. Let k = 52 - z. Calculate the highest common divisor of k and 136.
17
Suppose 582 = -4*g + h + 2787, -2*h - 2 = 0. What is the highest common factor of 19 and g?
19
Suppose 1255 = 14*k + 21*k - 285. What is the greatest common divisor of k and 84?
4
Let w(d) be the third derivative of 5*d**4/8 + 113*d**3/3 + 5*d**2 - 6*d. Let z be w(-14). What is the highest common divisor of 1104 and z?
16
Suppose 35*p + 25*p - 16*p - 5808 = 0. What is the highest common divisor of 48 and p?
12
Suppose 325 - 315 = 25*n + 810. Let b(d) = -49*d**2 - 1. Let q be b(-1). Let y = n - q. Calculate the greatest common divisor of 24 and y.
6
Let c = 15125 - 12528. What is the greatest common factor of c and 14?
7
Suppose -13 = -4*q - 45. Let o be (70/q)/(-2*5/200). Calculate the highest common factor of o and 70.
35
Suppose 22*l + 552 = 26*l. Let w = 0 + l. Calculate the greatest common divisor of 69 and w.
69
Let g = -37 - -96. Suppose -56*a = -g*a + 6. Suppose a*h - 318 = 4*o, 4*h + 16*o - 626 = 19*o. Calculate the greatest common factor of 31 and h.
31
Let a(h) = 185*h + 2817. Let r be a(-15). Suppose -31 = -3*g + p, -2 + 0 = -g + 2*p. Calculate the highest common divisor of g and r.
6
Let b be (1784*13/312)/(4/132). What is the greatest common factor of b and 99?
11
Suppose 709 = 3*r - 2*t - 1803, -2*t + 2 = 0. Suppose -24*i + r = 2*k - 23*i, -5*k + 2*i = -2086. Calculate the highest common divisor of 44 and k.
22
Suppose 0 = m + s - 51, 0 = 5*m + 3*s + 8 - 259. What is the highest common divisor of m and 609?
7
Let p be 7/(-3*4/48). Let d = p + 71. Suppose -8 = 2*x, -5*s = -4*x - 743 - d. What is the highest common factor of 14 and s?
14
Let g = 162 + -160. Suppose -5*h - z = -780, 8*z - 312 = -g*h + 4*z. What is the highest common divisor of 52 and h?
52
Suppose 67*x + 63 = -5*m + 64*x, 2*m + 5*x = -29. Let v = 1 + -1. Let f be m*(v + -1 - 1/(-4)). Calculate the greatest common factor of f and 12.
3
Suppose 4*h = -3*m + 174, 40 + 134 = 3*m + 2*h. Calculate the greatest common factor of 3161 and m.
29
Let k = -117958 - -118068. Let z be (-1540)/(-15)*3/2. What is the highest common divisor of z and k?
22
Suppose 0 = -14*w - 169 + 211. Calculate the greatest common factor of w and 471.
3
Suppose -2*s = 3*s - 650. Let q = -24239 + 24259. Calculate the highest common factor of s and q.
10
Let q be (-284)/(-10) - (-34)/(-85). Suppose -64 = -2*a + 4*k, -5*a = 3*k + q - 214. Let f be 11 - (4 + 1*-2). Calculate the highest common factor of f and a.
9
Let g(n) = 2*n**3 - 51*n**2 - 258*n + 15. Let x be g(30). Calculate the highest common divisor of 200 and x.
25
Let j(v) = -24*v. Let a be j(-2). Let f(s) = -23710*s - 142239. Let i be f(-6). Calculate the greatest common factor of i and a.
3
Let j(o) = 8*o + 18. Let g(v) = -40*v - 88. Let s(h) = 3*g(h) + 14*j(h). Let b be s(-15). Calculate the greatest common factor of 81 and b.
27
Let k = 25 + 43. Let y = k + -31. Suppose n = 4, -15*c = -13*c + 5*n - 834. What is the greatest common factor of y and c?
37
Let d = -8 + 3. Let o be 27 - (d + 11 + -1). What is the greatest common factor of 2 and o?
2
Let p be (489 + 17 - -15)/((-3)/(-3*19)). What is the greatest common divisor of p and 57?
19
Let a = 3577 - 3193. Suppose 153 + 1575 = 12*r. Calculate the highest common divisor of a and r.
48
Let g be 1 - -3 - (-2 - -2). Let b be 136 + 25/15*-3. Suppose g*q - b = -19. What is the highest common divisor of q and 84?
28
Let o = -1634 - -3330. Calculate the highest common divisor of o and 48.
16
Let r(w) = w**3 + 4*w**2 - 3*w - 4. Let a be r(-4). Let h(n) = 0*n**2 - 8 - 7 + n**2 - 9*n + 9. Let l be h(10). What is the highest common divisor of a and l?
4
Suppose 165769 = 69*x - 139556. Calculate the greatest common divisor of 75 and x.
75
Suppose 0 = -75*f + 80*f - 3285. Calculate the highest common divisor of 18 and f.
9
Let w(x) = -11*x**2 + 6*x**2 - 7 - 3*x**3 - 5*x + 4*x**3 + 21*x**2. Let h be w(-14). Suppose 0*a + h = 5*a. What is the greatest common factor of 7 and a?
7
Let o(z) be the second derivative of z**3/3 + 27*z**2/2 + 18*z + 4. Let h be 2/7 + (-174)/21. Let g be o(h). What is the greatest common divisor of 44 and g?
11
Let q be -7 + (-71628)/(-324) - 10/135. Calculate the greatest common divisor of 16 and q.
2
Let o be 11/(-2)*19*-2. Let a(t) = 15*t - 11. Let k be a(2). Let n(r) = r**2 - 13*r - 95. Let m be n(k). Calculate the greatest common divisor of o and m.
19
Let g = -244 - -93. Let f = -144 - g. Calculate the greatest common divisor of 28 and f.
7
Let r be (-35)/(-3) + (-4)/6. Suppose -10*w = -12*w + 4. Suppose -w*y + r = 3. Calculate the greatest common divisor of 10 and y.
2
Let w(d) = -232*d + 40. Let u be w(-1). What is the highest common divisor of 34 and u?
34
Let f(b) = 18*b + 1107. Let m be f(-11). What is the highest common factor of m and 505?
101
Let n be 16/(-10)*(8/(-26) - (-403596)/(-1443)). What is the greatest common factor of n and 24?
8
Let w = -163 - -265. Let j(n) = -47*n + 260. Let c be j(27). Let i = c - -1043. What is the highest common divisor of i and w?
34
Let g be ((-60)/21)/(-1)*112. What is the greatest common factor of 200 and g?
40
Suppose 506 - 236 = -13*w + 1934. What is the greatest common factor of 6016 and w?
128
Let d be (75/(-6)*2)/(561/(-93) - -6). What is the greatest common factor of 100 and d?
25
Let z(k) = -5*k - 18. Let p be (-6)/6*16 + 2. Let o be z(p). What is the greatest common divisor of 39 and o?
13
Let d(i) = 2*i**2 + 7*i. Let p be d(-3). Let n be (-21)/(-6)*p/42*-8. Let q be (4 - -9) + -1*n. What is the highest common factor of q and 11?
11
Let w = 4310 + -4135. What is the highest common factor of w and 625?
25
Let i(h) = -h**3 + 10*h**2 - h - 10. Suppose 16*w = 9*w + 63. Let n be i(w). Let q be (0 - -4)*n/8. Calculate the greatest common divisor of 124 and q.
31
Suppose 55 = 5*s - 2*d, -s - 4*d - 6 = -3*s. Let o(w) = -22*w + w**2 + 6 + 3 - 2 + 6. Let x be o(26). Calculate the highest common divisor of x and s.
13
Let h(n) = 7*n**2 - 186*n - 13. Let o be h(27). Suppose -2*u = -0*u + 36. Let z be 1/3 + (-606)/u. Calculate the highest common factor of z and o.
34
Let n = 2451 + 925. Calculate the highest common factor of 224 and n.
16
Let k(f) = -f**2 - 33*f - 126. Let h be (-42)/(-28)*10/(-3) + -23. Let a be k(h). What is the highest common divisor of 112 and a?
14
Suppose -320*u - 1547 = -327*u. Calculate the highest common factor of u and 17017.
221
Let g(h) = -2*h**3 - 33*h**2 - 23*h - 87. Let x be g(-16). Calculate the greatest common divisor of x and 5700.
25
Let j be 2638295/165 + 6/((-36)/10). What is the highest common factor of 28 and j?
28
Let v = 29 + -14. Suppose 30*t - 558 = -468. What is the greatest common factor of v and t?
3
Suppose -95 = 20*q - 39*q. Suppose a - 143 = -2*n, -5*n + q*a + 143 = -192. Let v be (-4)/6 + (-86)/(-3). What is the highest common factor of v and n?
14
Let b(k) = k**3 + k**2 - 8*k - 10. Let q be b(-3). Let c be 16/q - 0 - (-2 + -37). What is the highest common factor of 1120 and c?
35
Let j be 14/8*(-12 + 0). Let w be (-18)/j + 162/7. Calculate the highest common factor of 32 and w.
8
Suppose 0 = 18*z - 888 - 467 + 275. Calculate the highest common divisor of 26340 and z.
60
Let i(u) = -38*u + 4604. Let g be i(121). Suppose -4*z = -5*m - 623, -m - 166 - 315 = -3*z. Calculate the greatest common factor of z and g.
6
Sup